{"id":355,"date":"2018-05-31T10:30:46","date_gmt":"2018-05-31T08:30:46","guid":{"rendered":"http:\/\/iesmarcilla.educacion.navarra.es\/web\/?page_id=355"},"modified":"2018-06-01T11:06:24","modified_gmt":"2018-06-01T09:06:24","slug":"orientacion","status":"publish","type":"page","link":"https:\/\/iesmarcilla.educacion.navarra.es\/web\/orientacion\/","title":{"rendered":"Orientaci\u00f3n"},"content":{"rendered":"<h1>Programa para Orientaci\u00f3n Escolar<\/h1>\n<p>Orientaline es un programa que proporciona informaci\u00f3n \u00fatil para la orientaci\u00f3n escolar para los alumnos. Aqu\u00ed pod\u00e9is encontrar:<\/p>\n<figure id=\"attachment_205\" aria-describedby=\"caption-attachment-205\" style=\"width: 284px\" class=\"wp-caption alignright\"><a href=\"http:\/\/www.orientaline.es\/?yafxb=91606\" target=\"_blank\" rel=\"noopener\"><img loading=\"lazy\" class=\"wp-image-205\" src=\"http:\/\/iesmarcilla.educacion.navarra.es\/web\/wp-content\/uploads\/2017\/12\/Programa-Orientacion1-e1513791287204.png\" alt=\"orientaline\" width=\"284\" height=\"136\" \/><\/a><figcaption id=\"caption-attachment-205\" class=\"wp-caption-text\"><span style=\"color: #ff6600;\">EDUCALINE<\/span><\/figcaption><\/figure>\n<ul>\n<li>Todos los Grados que se imparten<\/li>\n<li>Notas de Corte actualizadas, salidas, perfil&#8230;<\/li>\n<li>Dobles grados<\/li>\n<li>EVAU, Ponderaci\u00f3n<\/li>\n<li>Preinscripci\u00f3n<\/li>\n<li>Becas<\/li>\n<li>Estudios de Arte, Deportivos, idiomas,&#8230;<\/li>\n<li>Nuevos t\u00edtulos de FP<\/li>\n<li>\u00daltimas novedades en ESO, FPB, Acceso a FP &#8230;<\/li>\n<\/ul>\n<p>Pulse <a href=\"http:\/\/www.orientaline.es\/?yafxb=91606\" target=\"_blank\" rel=\"noopener\">AQU\u00cd<\/a>, para acceder a <a href=\"http:\/\/www.orientaline.es\/?yafxb=91606\" target=\"_blank\" rel=\"noopener\">EDUCALINE<\/a><\/p>\n<p>&nbsp;<\/p>\n<p>&nbsp;<\/p>\n","protected":false},"excerpt":{"rendered":"<p>Programa para Orientaci\u00f3n Escolar Orientaline es un programa que proporciona informaci\u00f3n \u00fatil para la orientaci\u00f3n escolar para los alumnos. Aqu\u00ed pod\u00e9is encontrar: Todos los Grados que se imparten Notas de Corte actualizadas, salidas, perfil&#8230; Dobles grados EVAU, Ponderaci\u00f3n Preinscripci\u00f3n Becas Estudios de Arte, Deportivos, idiomas,&#8230; Nuevos t\u00edtulos de FP \u00daltimas novedades en ESO, FPB, Acceso [&hellip;]<\/p>\n","protected":false},"author":1,"featured_media":0,"parent":0,"menu_order":0,"comment_status":"closed","ping_status":"closed","template":"","meta":{"_genesis_hide_title":false,"_genesis_hide_breadcrumbs":false,"_genesis_hide_singular_image":false,"_genesis_hide_footer_widgets":false,"_genesis_custom_body_class":"","_genesis_custom_post_class":"","_genesis_layout":""},"_links":{"self":[{"href":"https:\/\/iesmarcilla.educacion.navarra.es\/web\/wp-json\/wp\/v2\/pages\/355"}],"collection":[{"href":"https:\/\/iesmarcilla.educacion.navarra.es\/web\/wp-json\/wp\/v2\/pages"}],"about":[{"href":"https:\/\/iesmarcilla.educacion.navarra.es\/web\/wp-json\/wp\/v2\/types\/page"}],"author":[{"embeddable":true,"href":"https:\/\/iesmarcilla.educacion.navarra.es\/web\/wp-json\/wp\/v2\/users\/1"}],"replies":[{"embeddable":true,"href":"https:\/\/iesmarcilla.educacion.navarra.es\/web\/wp-json\/wp\/v2\/comments?post=355"}],"version-history":[{"count":8,"href":"https:\/\/iesmarcilla.educacion.navarra.es\/web\/wp-json\/wp\/v2\/pages\/355\/revisions"}],"predecessor-version":[{"id":505,"href":"https:\/\/iesmarcilla.educacion.navarra.es\/web\/wp-json\/wp\/v2\/pages\/355\/revisions\/505"}],"wp:attachment":[{"href":"https:\/\/iesmarcilla.educacion.navarra.es\/web\/wp-json\/wp\/v2\/media?parent=355"}],"curies":[{"name":"wp","href":"https:\/\/api.w.org\/{rel}","templated":true}]}}