{"id":664,"date":"2017-06-19T09:58:25","date_gmt":"2017-06-19T07:58:25","guid":{"rendered":"http:\/\/iesmarcilla.educacion.navarra.es\/web\/rizoma\/?page_id=664"},"modified":"2017-06-22T12:19:04","modified_gmt":"2017-06-22T10:19:04","slug":"personalizacion-del-centro","status":"publish","type":"page","link":"https:\/\/iesmarcilla.educacion.navarra.es\/web\/rizoma\/activismo-social\/personalizacion-del-centro\/","title":{"rendered":"Personalizaci\u00f3n del Centro"},"content":{"rendered":"\t\t<div data-elementor-type=\"wp-page\" data-elementor-id=\"664\" class=\"elementor elementor-664 elementor-bc-flex-widget\">\n\t\t\t\t\t\t\t\t\t<section class=\"elementor-section elementor-top-section elementor-element elementor-element-942ng7t elementor-section-boxed elementor-section-height-default elementor-section-height-default\" data-id=\"942ng7t\" data-element_type=\"section\">\n\t\t\t\t\t\t<div class=\"elementor-container elementor-column-gap-default\">\n\t\t\t\t\t<div class=\"elementor-column elementor-col-100 elementor-top-column elementor-element elementor-element-e1ivm8i\" data-id=\"e1ivm8i\" data-element_type=\"column\">\n\t\t\t<div class=\"elementor-widget-wrap elementor-element-populated\">\n\t\t\t\t\t\t\t\t<div class=\"elementor-element elementor-element-ip0pqtb elementor-widget elementor-widget-text-editor\" data-id=\"ip0pqtb\" data-element_type=\"widget\" data-widget_type=\"text-editor.default\">\n\t\t\t\t<div class=\"elementor-widget-container\">\n\t\t\t\t\t\t\t<p class=\"justificado\">Organizada a trav\u00e9s de un concurso interno y empleando las tutor\u00edas, los alumnos de 2\u00baESO han modificado el corcho de sus aulas y han escrito un lema motivador bajo los preceptos de la arquitectura pedag\u00f3gica.<\/p>\n<p class=\"justificado\">La acci\u00f3n, empleando la metodolog\u00eda del trabajo por proyectos, ha desarrollado la capacidad art\u00edstica del alumnado y fomentando la apropiaci\u00f3n de los espacios pedag\u00f3gicos por parte de los estudiantes.<\/p>\t\t\t\t\t\t<\/div>\n\t\t\t\t<\/div>\n\t\t\t\t\t<\/div>\n\t\t<\/div>\n\t\t\t\t\t\t\t<\/div>\n\t\t<\/section>\n\t\t\t\t<section class=\"elementor-section elementor-top-section elementor-element elementor-element-9plut38 elementor-section-boxed elementor-section-height-default elementor-section-height-default\" data-id=\"9plut38\" data-element_type=\"section\">\n\t\t\t\t\t\t<div class=\"elementor-container elementor-column-gap-default\">\n\t\t\t\t\t<div class=\"elementor-column elementor-col-100 elementor-top-column elementor-element elementor-element-7ma98ir\" data-id=\"7ma98ir\" data-element_type=\"column\">\n\t\t\t<div class=\"elementor-widget-wrap elementor-element-populated\">\n\t\t\t\t\t\t\t\t<div class=\"elementor-element elementor-element-5oeb4tl elementor-widget-divider--view-line elementor-widget elementor-widget-divider\" data-id=\"5oeb4tl\" data-element_type=\"widget\" data-widget_type=\"divider.default\">\n\t\t\t\t<div class=\"elementor-widget-container\">\n\t\t\t\t\t<div class=\"elementor-divider\">\n\t\t\t<span class=\"elementor-divider-separator\">\n\t\t\t\t\t\t<\/span>\n\t\t<\/div>\n\t\t\t\t<\/div>\n\t\t\t\t<\/div>\n\t\t\t\t<section class=\"elementor-section elementor-inner-section elementor-element elementor-element-nin701n elementor-section-boxed elementor-section-height-default elementor-section-height-default\" data-id=\"nin701n\" data-element_type=\"section\">\n\t\t\t\t\t\t<div class=\"elementor-container elementor-column-gap-default\">\n\t\t\t\t\t<div class=\"elementor-column elementor-col-50 elementor-inner-column elementor-element elementor-element-7ga8f11\" data-id=\"7ga8f11\" data-element_type=\"column\">\n\t\t\t<div class=\"elementor-widget-wrap elementor-element-populated\">\n\t\t\t\t\t\t\t\t<div class=\"elementor-element elementor-element-41u6gsr elementor-widget elementor-widget-text-editor\" data-id=\"41u6gsr\" data-element_type=\"widget\" data-widget_type=\"text-editor.default\">\n\t\t\t\t<div class=\"elementor-widget-container\">\n\t\t\t\t\t\t\t<div id=\"metaslider-id-742\" style=\"max-width: 416px; margin: 0 auto;\" class=\"ml-slider-3-107-0 metaslider metaslider-responsive metaslider-742 ml-slider ms-theme-default\" role=\"region\" aria-label=\"Personalizaci\u00f3n del centro\" data-height=\"312\" data-width=\"416\">\n    <div id=\"metaslider_container_742\">\n        <ul id='metaslider_742' class='rslides'>\n            <li aria-roledescription='slide' aria-labelledby='slide-0'><img loading=\"lazy\" src=\"https:\/\/iesmarcilla.educacion.navarra.es\/web\/rizoma\/wp-content\/uploads\/sites\/3\/2017\/06\/PERSONALIZACI\u00d3N-DEL-CENTRO-416x312.jpg\" height=\"312\" width=\"416\" alt=\"\" class=\"slider-742 slide-743 msDefaultImage\" \/><div class=\"caption-wrap\"><div class=\"caption\">Personalizaci\u00f3n del Centro<\/div><\/div><\/li>\n            <li style='display: none;' aria-roledescription='slide' aria-labelledby='slide-1'><img loading=\"lazy\" src=\"https:\/\/iesmarcilla.educacion.navarra.es\/web\/rizoma\/wp-content\/uploads\/sites\/3\/2017\/06\/IMG_20170508_122429-416x312.jpg\" height=\"312\" width=\"416\" alt=\"\" class=\"slider-742 slide-797 msDefaultImage\" \/><\/li>\n            <li style='display: none;' aria-roledescription='slide' aria-labelledby='slide-2'><img loading=\"lazy\" src=\"https:\/\/iesmarcilla.educacion.navarra.es\/web\/rizoma\/wp-content\/uploads\/sites\/3\/2017\/06\/DSC_0520-416x312.jpg\" height=\"312\" width=\"416\" alt=\"\" class=\"slider-742 slide-798 msDefaultImage\" \/><\/li>\n            <li style='display: none;' aria-roledescription='slide' aria-labelledby='slide-3'><img loading=\"lazy\" src=\"https:\/\/iesmarcilla.educacion.navarra.es\/web\/rizoma\/wp-content\/uploads\/sites\/3\/2017\/06\/DSC_0522-416x312.jpg\" height=\"312\" width=\"416\" alt=\"\" class=\"slider-742 slide-799 msDefaultImage\" \/><\/li>\n            <li style='display: none;' aria-roledescription='slide' aria-labelledby='slide-4'><img loading=\"lazy\" src=\"https:\/\/iesmarcilla.educacion.navarra.es\/web\/rizoma\/wp-content\/uploads\/sites\/3\/2017\/06\/DSC_0523-416x312.jpg\" height=\"312\" width=\"416\" alt=\"\" class=\"slider-742 slide-800 msDefaultImage\" \/><\/li>\n            <li style='display: none;' aria-roledescription='slide' aria-labelledby='slide-5'><img loading=\"lazy\" src=\"https:\/\/iesmarcilla.educacion.navarra.es\/web\/rizoma\/wp-content\/uploads\/sites\/3\/2017\/06\/DSC_0524-416x312.jpg\" height=\"312\" width=\"416\" alt=\"\" class=\"slider-742 slide-801 msDefaultImage\" \/><\/li>\n            <li style='display: none;' aria-roledescription='slide' aria-labelledby='slide-6'><img loading=\"lazy\" src=\"https:\/\/iesmarcilla.educacion.navarra.es\/web\/rizoma\/wp-content\/uploads\/sites\/3\/2017\/06\/DSC_0525-416x312.jpg\" height=\"312\" width=\"416\" alt=\"\" class=\"slider-742 slide-802 msDefaultImage\" \/><\/li>\n            <li style='display: none;' aria-roledescription='slide' aria-labelledby='slide-7'><img loading=\"lazy\" src=\"https:\/\/iesmarcilla.educacion.navarra.es\/web\/rizoma\/wp-content\/uploads\/sites\/3\/2017\/06\/DSC_0526-416x312.jpg\" height=\"312\" width=\"416\" alt=\"\" class=\"slider-742 slide-803 msDefaultImage\" \/><\/li>\n            <li style='display: none;' aria-roledescription='slide' aria-labelledby='slide-8'><img loading=\"lazy\" src=\"https:\/\/iesmarcilla.educacion.navarra.es\/web\/rizoma\/wp-content\/uploads\/sites\/3\/2017\/06\/DSC_0527-416x312.jpg\" height=\"312\" width=\"416\" alt=\"\" class=\"slider-742 slide-804 msDefaultImage\" \/><\/li>\n            <li style='display: none;' aria-roledescription='slide' aria-labelledby='slide-9'><img loading=\"lazy\" src=\"https:\/\/iesmarcilla.educacion.navarra.es\/web\/rizoma\/wp-content\/uploads\/sites\/3\/2017\/06\/DSC_0545-416x312.jpg\" height=\"312\" width=\"416\" alt=\"\" class=\"slider-742 slide-805 msDefaultImage\" \/><\/li>\n            <li style='display: none;' aria-roledescription='slide' aria-labelledby='slide-10'><img loading=\"lazy\" src=\"https:\/\/iesmarcilla.educacion.navarra.es\/web\/rizoma\/wp-content\/uploads\/sites\/3\/2017\/06\/DSC_0546-416x312.jpg\" height=\"312\" width=\"416\" alt=\"\" class=\"slider-742 slide-806 msDefaultImage\" \/><\/li>\n            <li style='display: none;' aria-roledescription='slide' aria-labelledby='slide-11'><img loading=\"lazy\" src=\"https:\/\/iesmarcilla.educacion.navarra.es\/web\/rizoma\/wp-content\/uploads\/sites\/3\/2017\/06\/DSC_0547-416x312.jpg\" height=\"312\" width=\"416\" alt=\"\" class=\"slider-742 slide-807 msDefaultImage\" \/><\/li>\n            <li style='display: none;' aria-roledescription='slide' aria-labelledby='slide-12'><img loading=\"lazy\" src=\"https:\/\/iesmarcilla.educacion.navarra.es\/web\/rizoma\/wp-content\/uploads\/sites\/3\/2017\/06\/DSC_0548-416x312.jpg\" height=\"312\" width=\"416\" alt=\"\" class=\"slider-742 slide-808 msDefaultImage\" \/><\/li>\n            <li style='display: none;' aria-roledescription='slide' aria-labelledby='slide-13'><img loading=\"lazy\" src=\"https:\/\/iesmarcilla.educacion.navarra.es\/web\/rizoma\/wp-content\/uploads\/sites\/3\/2017\/06\/DSC_0549-416x312.jpg\" height=\"312\" width=\"416\" alt=\"\" class=\"slider-742 slide-809 msDefaultImage\" \/><\/li>\n            <li style='display: none;' aria-roledescription='slide' aria-labelledby='slide-14'><img loading=\"lazy\" src=\"https:\/\/iesmarcilla.educacion.navarra.es\/web\/rizoma\/wp-content\/uploads\/sites\/3\/2017\/06\/DSC_0551-416x312.jpg\" height=\"312\" width=\"416\" alt=\"\" class=\"slider-742 slide-810 msDefaultImage\" \/><\/li>\n            <li style='display: none;' aria-roledescription='slide' aria-labelledby='slide-15'><img loading=\"lazy\" src=\"https:\/\/iesmarcilla.educacion.navarra.es\/web\/rizoma\/wp-content\/uploads\/sites\/3\/2017\/06\/DSC_0552-416x312.jpg\" height=\"312\" width=\"416\" alt=\"\" class=\"slider-742 slide-811 msDefaultImage\" \/><\/li>\n            <li style='display: none;' aria-roledescription='slide' aria-labelledby='slide-16'><img loading=\"lazy\" src=\"https:\/\/iesmarcilla.educacion.navarra.es\/web\/rizoma\/wp-content\/uploads\/sites\/3\/2017\/06\/DSC_0553-416x312.jpg\" height=\"312\" width=\"416\" alt=\"\" class=\"slider-742 slide-812 msDefaultImage\" \/><\/li>\n            <li style='display: none;' aria-roledescription='slide' aria-labelledby='slide-17'><img loading=\"lazy\" src=\"https:\/\/iesmarcilla.educacion.navarra.es\/web\/rizoma\/wp-content\/uploads\/sites\/3\/2017\/06\/DSC_0554-416x312.jpg\" height=\"312\" width=\"416\" alt=\"\" class=\"slider-742 slide-813 msDefaultImage\" \/><\/li>\n            <li style='display: none;' aria-roledescription='slide' aria-labelledby='slide-18'><img loading=\"lazy\" src=\"https:\/\/iesmarcilla.educacion.navarra.es\/web\/rizoma\/wp-content\/uploads\/sites\/3\/2017\/06\/DSC_0556-416x312.jpg\" height=\"312\" width=\"416\" alt=\"\" class=\"slider-742 slide-814 msDefaultImage\" \/><\/li>\n            <li style='display: none;' aria-roledescription='slide' aria-labelledby='slide-19'><img loading=\"lazy\" src=\"https:\/\/iesmarcilla.educacion.navarra.es\/web\/rizoma\/wp-content\/uploads\/sites\/3\/2017\/06\/DSC_0558-416x312.jpg\" height=\"312\" width=\"416\" alt=\"\" class=\"slider-742 slide-815 msDefaultImage\" \/><\/li>\n            <li style='display: none;' aria-roledescription='slide' aria-labelledby='slide-20'><img loading=\"lazy\" src=\"https:\/\/iesmarcilla.educacion.navarra.es\/web\/rizoma\/wp-content\/uploads\/sites\/3\/2017\/06\/IMG_2088-2-416x312.jpg\" height=\"312\" width=\"416\" alt=\"\" class=\"slider-742 slide-816 msDefaultImage\" \/><\/li>\n            <li style='display: none;' aria-roledescription='slide' aria-labelledby='slide-21'><img loading=\"lazy\" src=\"https:\/\/iesmarcilla.educacion.navarra.es\/web\/rizoma\/wp-content\/uploads\/sites\/3\/2017\/06\/IMG_2148-416x312.jpg\" height=\"312\" width=\"416\" alt=\"\" class=\"slider-742 slide-817 msDefaultImage\" \/><\/li>\n            <li style='display: none;' aria-roledescription='slide' aria-labelledby='slide-22'><img loading=\"lazy\" src=\"https:\/\/iesmarcilla.educacion.navarra.es\/web\/rizoma\/wp-content\/uploads\/sites\/3\/2017\/06\/IMG_2149-416x312.jpg\" height=\"312\" width=\"416\" alt=\"\" class=\"slider-742 slide-818 msDefaultImage\" \/><\/li>\n            <li style='display: none;' aria-roledescription='slide' aria-labelledby='slide-23'><img loading=\"lazy\" src=\"https:\/\/iesmarcilla.educacion.navarra.es\/web\/rizoma\/wp-content\/uploads\/sites\/3\/2017\/06\/IMG_2178-416x312.jpg\" height=\"312\" width=\"416\" alt=\"\" class=\"slider-742 slide-819 msDefaultImage\" \/><\/li>\n            <li style='display: none;' aria-roledescription='slide' aria-labelledby='slide-24'><img loading=\"lazy\" src=\"https:\/\/iesmarcilla.educacion.navarra.es\/web\/rizoma\/wp-content\/uploads\/sites\/3\/2017\/06\/IMG_2179-416x312.jpg\" height=\"312\" width=\"416\" alt=\"\" class=\"slider-742 slide-820 msDefaultImage\" \/><\/li>\n            <li style='display: none;' aria-roledescription='slide' aria-labelledby='slide-25'><img loading=\"lazy\" src=\"https:\/\/iesmarcilla.educacion.navarra.es\/web\/rizoma\/wp-content\/uploads\/sites\/3\/2017\/06\/IMG_2181-416x312.jpg\" height=\"312\" width=\"416\" alt=\"\" class=\"slider-742 slide-821 msDefaultImage\" \/><\/li>\n            <li style='display: none;' aria-roledescription='slide' aria-labelledby='slide-26'><img loading=\"lazy\" src=\"https:\/\/iesmarcilla.educacion.navarra.es\/web\/rizoma\/wp-content\/uploads\/sites\/3\/2017\/06\/IMG_2187-416x312.jpg\" height=\"312\" width=\"416\" alt=\"\" class=\"slider-742 slide-822 msDefaultImage\" \/><\/li>\n            <li style='display: none;' aria-roledescription='slide' aria-labelledby='slide-27'><img loading=\"lazy\" src=\"https:\/\/iesmarcilla.educacion.navarra.es\/web\/rizoma\/wp-content\/uploads\/sites\/3\/2017\/06\/IMG_2188-416x312.jpg\" height=\"312\" width=\"416\" alt=\"\" class=\"slider-742 slide-823 msDefaultImage\" \/><\/li>\n            <li style='display: none;' aria-roledescription='slide' aria-labelledby='slide-28'><img loading=\"lazy\" src=\"https:\/\/iesmarcilla.educacion.navarra.es\/web\/rizoma\/wp-content\/uploads\/sites\/3\/2017\/06\/IMG_2189-416x312.jpg\" height=\"312\" width=\"416\" alt=\"\" class=\"slider-742 slide-824 msDefaultImage\" \/><\/li>\n            <li style='display: none;' aria-roledescription='slide' aria-labelledby='slide-29'><img loading=\"lazy\" src=\"https:\/\/iesmarcilla.educacion.navarra.es\/web\/rizoma\/wp-content\/uploads\/sites\/3\/2017\/06\/IMG_2190-416x312.jpg\" height=\"312\" width=\"416\" alt=\"\" class=\"slider-742 slide-825 msDefaultImage\" \/><\/li>\n            <li style='display: none;' aria-roledescription='slide' aria-labelledby='slide-30'><img loading=\"lazy\" src=\"https:\/\/iesmarcilla.educacion.navarra.es\/web\/rizoma\/wp-content\/uploads\/sites\/3\/2017\/06\/IMG_2191-416x312.jpg\" height=\"312\" width=\"416\" alt=\"\" class=\"slider-742 slide-826 msDefaultImage\" \/><\/li>\n            <li style='display: none;' aria-roledescription='slide' aria-labelledby='slide-31'><img loading=\"lazy\" src=\"https:\/\/iesmarcilla.educacion.navarra.es\/web\/rizoma\/wp-content\/uploads\/sites\/3\/2017\/06\/IMG_2192-416x312.jpg\" height=\"312\" width=\"416\" alt=\"\" class=\"slider-742 slide-827 msDefaultImage\" \/><\/li>\n            <li style='display: none;' aria-roledescription='slide' aria-labelledby='slide-32'><img loading=\"lazy\" src=\"https:\/\/iesmarcilla.educacion.navarra.es\/web\/rizoma\/wp-content\/uploads\/sites\/3\/2017\/06\/IMG_2193-416x312.jpg\" height=\"312\" width=\"416\" alt=\"\" class=\"slider-742 slide-828 msDefaultImage\" \/><\/li>\n            <li style='display: none;' aria-roledescription='slide' aria-labelledby='slide-33'><img loading=\"lazy\" src=\"https:\/\/iesmarcilla.educacion.navarra.es\/web\/rizoma\/wp-content\/uploads\/sites\/3\/2017\/06\/IMG_20170505_125602-416x312.jpg\" height=\"312\" width=\"416\" alt=\"\" class=\"slider-742 slide-829 msDefaultImage\" \/><\/li>\n            <li style='display: none;' aria-roledescription='slide' aria-labelledby='slide-34'><img loading=\"lazy\" src=\"https:\/\/iesmarcilla.educacion.navarra.es\/web\/rizoma\/wp-content\/uploads\/sites\/3\/2017\/06\/IMG_20170505_125607-416x312.jpg\" height=\"312\" width=\"416\" alt=\"\" class=\"slider-742 slide-830 msDefaultImage\" \/><\/li>\n            <li style='display: none;' aria-roledescription='slide' aria-labelledby='slide-35'><img loading=\"lazy\" src=\"https:\/\/iesmarcilla.educacion.navarra.es\/web\/rizoma\/wp-content\/uploads\/sites\/3\/2017\/06\/IMG_20170505_125611-416x312.jpg\" height=\"312\" width=\"416\" alt=\"\" class=\"slider-742 slide-831 msDefaultImage\" \/><\/li>\n            <li style='display: none;' aria-roledescription='slide' aria-labelledby='slide-36'><img loading=\"lazy\" src=\"https:\/\/iesmarcilla.educacion.navarra.es\/web\/rizoma\/wp-content\/uploads\/sites\/3\/2017\/06\/IMG_20170505_125617-416x312.jpg\" height=\"312\" width=\"416\" alt=\"\" class=\"slider-742 slide-832 msDefaultImage\" \/><\/li>\n            <li style='display: none;' aria-roledescription='slide' aria-labelledby='slide-37'><img loading=\"lazy\" src=\"https:\/\/iesmarcilla.educacion.navarra.es\/web\/rizoma\/wp-content\/uploads\/sites\/3\/2017\/06\/IMG_20170505_125753-416x312.jpg\" height=\"312\" width=\"416\" alt=\"\" class=\"slider-742 slide-833 msDefaultImage\" \/><\/li>\n            <li style='display: none;' aria-roledescription='slide' aria-labelledby='slide-38'><img loading=\"lazy\" src=\"https:\/\/iesmarcilla.educacion.navarra.es\/web\/rizoma\/wp-content\/uploads\/sites\/3\/2017\/06\/IMG_20170505_125807-416x312.jpg\" height=\"312\" width=\"416\" alt=\"\" class=\"slider-742 slide-834 msDefaultImage\" \/><\/li>\n            <li style='display: none;' aria-roledescription='slide' aria-labelledby='slide-39'><img loading=\"lazy\" src=\"https:\/\/iesmarcilla.educacion.navarra.es\/web\/rizoma\/wp-content\/uploads\/sites\/3\/2017\/06\/IMG_20170505_125848-416x312.jpg\" height=\"312\" width=\"416\" alt=\"\" class=\"slider-742 slide-835 msDefaultImage\" \/><\/li>\n            <li style='display: none;' aria-roledescription='slide' aria-labelledby='slide-40'><img loading=\"lazy\" src=\"https:\/\/iesmarcilla.educacion.navarra.es\/web\/rizoma\/wp-content\/uploads\/sites\/3\/2017\/06\/IMG_20170505_125900-416x312.jpg\" height=\"312\" width=\"416\" alt=\"\" class=\"slider-742 slide-836 msDefaultImage\" \/><\/li>\n            <li style='display: none;' aria-roledescription='slide' aria-labelledby='slide-41'><img loading=\"lazy\" src=\"https:\/\/iesmarcilla.educacion.navarra.es\/web\/rizoma\/wp-content\/uploads\/sites\/3\/2017\/06\/IMG_20170505_125911-416x312.jpg\" height=\"312\" width=\"416\" alt=\"\" class=\"slider-742 slide-837 msDefaultImage\" \/><\/li>\n            <li style='display: none;' aria-roledescription='slide' aria-labelledby='slide-42'><img loading=\"lazy\" src=\"https:\/\/iesmarcilla.educacion.navarra.es\/web\/rizoma\/wp-content\/uploads\/sites\/3\/2017\/06\/IMG_20170505_125926-416x312.jpg\" height=\"312\" width=\"416\" alt=\"\" class=\"slider-742 slide-838 msDefaultImage\" \/><\/li>\n            <li style='display: none;' aria-roledescription='slide' aria-labelledby='slide-43'><img loading=\"lazy\" src=\"https:\/\/iesmarcilla.educacion.navarra.es\/web\/rizoma\/wp-content\/uploads\/sites\/3\/2017\/06\/IMG_20170505_130012-416x312.jpg\" height=\"312\" width=\"416\" alt=\"\" class=\"slider-742 slide-839 msDefaultImage\" \/><\/li>\n            <li style='display: none;' aria-roledescription='slide' aria-labelledby='slide-44'><img loading=\"lazy\" src=\"https:\/\/iesmarcilla.educacion.navarra.es\/web\/rizoma\/wp-content\/uploads\/sites\/3\/2017\/06\/IMG_20170505_130021-416x312.jpg\" height=\"312\" width=\"416\" alt=\"\" class=\"slider-742 slide-840 msDefaultImage\" \/><\/li>\n            <li style='display: none;' aria-roledescription='slide' aria-labelledby='slide-45'><img loading=\"lazy\" src=\"https:\/\/iesmarcilla.educacion.navarra.es\/web\/rizoma\/wp-content\/uploads\/sites\/3\/2017\/06\/IMG_20170505_130034-416x312.jpg\" height=\"312\" width=\"416\" alt=\"\" class=\"slider-742 slide-841 msDefaultImage\" \/><\/li>\n            <li style='display: none;' aria-roledescription='slide' aria-labelledby='slide-46'><img loading=\"lazy\" src=\"https:\/\/iesmarcilla.educacion.navarra.es\/web\/rizoma\/wp-content\/uploads\/sites\/3\/2017\/06\/IMG_20170505_130131-416x312.jpg\" height=\"312\" width=\"416\" alt=\"\" class=\"slider-742 slide-842 msDefaultImage\" \/><\/li>\n            <li style='display: none;' aria-roledescription='slide' aria-labelledby='slide-47'><img loading=\"lazy\" src=\"https:\/\/iesmarcilla.educacion.navarra.es\/web\/rizoma\/wp-content\/uploads\/sites\/3\/2017\/06\/IMG_20170505_130134-416x312.jpg\" height=\"312\" width=\"416\" alt=\"\" class=\"slider-742 slide-843 msDefaultImage\" \/><\/li>\n            <li style='display: none;' aria-roledescription='slide' aria-labelledby='slide-48'><img loading=\"lazy\" src=\"https:\/\/iesmarcilla.educacion.navarra.es\/web\/rizoma\/wp-content\/uploads\/sites\/3\/2017\/06\/IMG_20170505_130142-416x312.jpg\" height=\"312\" width=\"416\" alt=\"\" class=\"slider-742 slide-844 msDefaultImage\" \/><\/li>\n            <li style='display: none;' aria-roledescription='slide' aria-labelledby='slide-49'><img loading=\"lazy\" src=\"https:\/\/iesmarcilla.educacion.navarra.es\/web\/rizoma\/wp-content\/uploads\/sites\/3\/2017\/06\/IMG_20170505_130145-416x312.jpg\" height=\"312\" width=\"416\" alt=\"\" class=\"slider-742 slide-845 msDefaultImage\" \/><\/li>\n            <li style='display: none;' aria-roledescription='slide' aria-labelledby='slide-50'><img loading=\"lazy\" src=\"https:\/\/iesmarcilla.educacion.navarra.es\/web\/rizoma\/wp-content\/uploads\/sites\/3\/2017\/06\/IMG_20170505_130157-416x312.jpg\" height=\"312\" width=\"416\" alt=\"\" class=\"slider-742 slide-846 msDefaultImage\" \/><\/li>\n            <li style='display: none;' aria-roledescription='slide' aria-labelledby='slide-51'><img loading=\"lazy\" src=\"https:\/\/iesmarcilla.educacion.navarra.es\/web\/rizoma\/wp-content\/uploads\/sites\/3\/2017\/06\/IMG_20170505_130159-416x312.jpg\" height=\"312\" width=\"416\" alt=\"\" class=\"slider-742 slide-847 msDefaultImage\" \/><\/li>\n            <li style='display: none;' aria-roledescription='slide' aria-labelledby='slide-52'><img loading=\"lazy\" src=\"https:\/\/iesmarcilla.educacion.navarra.es\/web\/rizoma\/wp-content\/uploads\/sites\/3\/2017\/06\/IMG_20170508_122416-416x312.jpg\" height=\"312\" width=\"416\" alt=\"\" class=\"slider-742 slide-848 msDefaultImage\" \/><\/li>\n        <\/ul>\n        \n    <\/div>\n<\/div>\t\t\t\t\t\t<\/div>\n\t\t\t\t<\/div>\n\t\t\t\t\t<\/div>\n\t\t<\/div>\n\t\t\t\t<div class=\"elementor-column elementor-col-50 elementor-inner-column elementor-element elementor-element-8ew0n0l\" data-id=\"8ew0n0l\" data-element_type=\"column\">\n\t\t\t<div class=\"elementor-widget-wrap elementor-element-populated\">\n\t\t\t\t\t\t\t\t<div class=\"elementor-element elementor-element-xt0vafx elementor-widget elementor-widget-text-editor\" data-id=\"xt0vafx\" data-element_type=\"widget\" data-widget_type=\"text-editor.default\">\n\t\t\t\t<div class=\"elementor-widget-container\">\n\t\t\t\t\t\t\t<a href=\"https:\/\/drive.google.com\/file\/d\/0By4EK4ZKpLSrTVVLRlNOOWxXUFU\/view?usp=sharing\" target=\"_blank\"><div class=\"mas-info-largo\">Explicaci\u00f3n de la Acci\u00f3n<\/div><\/a>\n&nbsp;\n<a href=\"https:\/\/drive.google.com\/file\/d\/0By4EK4ZKpLSrYno4Ykdoc1lxeDA\/view?usp=sharing\" target=\"_blank\"><div class=\"mas-info-largo\">Bases del Concurso<\/div><\/a>\n&nbsp;\n<a href=\"https:\/\/drive.google.com\/file\/d\/0By4EK4ZKpLSrLVFSd3REcW80Vnc\/view?usp=sharing\" target=\"_blank\"><div class=\"mas-info-largo\">Ejemplos del concurso \u00abPersonalizaci\u00f3n del Aula\u00bb<\/div><\/a>\n&nbsp;\n<a href=\"https:\/\/drive.google.com\/file\/d\/0By4EK4ZKpLSrWFIzc1RwdFhObG8\/view?usp=sharing\" target=\"_blank\"><div class=\"mas-info-largo\">Diplomas<\/div><\/a>\n&nbsp;\n<a href=\"https:\/\/drive.google.com\/file\/d\/0By4EK4ZKpLSrWTZVeVUwVllIMWM\/view?usp=sharing\" target=\"_blank\"><div class=\"mas-info-largo\">Plantilla de valoraci\u00f3n<\/div><\/a>\n&nbsp;\t\t\t\t\t\t<\/div>\n\t\t\t\t<\/div>\n\t\t\t\t\t<\/div>\n\t\t<\/div>\n\t\t\t\t\t\t\t<\/div>\n\t\t<\/section>\n\t\t\t\t\t<\/div>\n\t\t<\/div>\n\t\t\t\t\t\t\t<\/div>\n\t\t<\/section>\n\t\t\t\t\t\t\t<\/div>\n\t\t","protected":false},"excerpt":{"rendered":"<p>Organizada a trav\u00e9s de un concurso interno y empleando las tutor\u00edas, los alumnos de 2\u00baESO han modificado el corcho de sus aulas y han escrito un lema motivador bajo los preceptos de la arquitectura pedag\u00f3gica. La acci\u00f3n, empleando la metodolog\u00eda del trabajo por proyectos, ha desarrollado la capacidad art\u00edstica del alumnado y fomentando la apropiaci\u00f3n [&hellip;]<\/p>\n","protected":false},"author":2,"featured_media":0,"parent":78,"menu_order":0,"comment_status":"closed","ping_status":"closed","template":"","meta":{"_genesis_hide_title":false,"_genesis_hide_breadcrumbs":false,"_genesis_hide_singular_image":false,"_genesis_hide_footer_widgets":false,"_genesis_custom_body_class":"","_genesis_custom_post_class":"","_genesis_layout":""},"_links":{"self":[{"href":"https:\/\/iesmarcilla.educacion.navarra.es\/web\/rizoma\/wp-json\/wp\/v2\/pages\/664"}],"collection":[{"href":"https:\/\/iesmarcilla.educacion.navarra.es\/web\/rizoma\/wp-json\/wp\/v2\/pages"}],"about":[{"href":"https:\/\/iesmarcilla.educacion.navarra.es\/web\/rizoma\/wp-json\/wp\/v2\/types\/page"}],"author":[{"embeddable":true,"href":"https:\/\/iesmarcilla.educacion.navarra.es\/web\/rizoma\/wp-json\/wp\/v2\/users\/2"}],"replies":[{"embeddable":true,"href":"https:\/\/iesmarcilla.educacion.navarra.es\/web\/rizoma\/wp-json\/wp\/v2\/comments?post=664"}],"version-history":[{"count":5,"href":"https:\/\/iesmarcilla.educacion.navarra.es\/web\/rizoma\/wp-json\/wp\/v2\/pages\/664\/revisions"}],"predecessor-version":[{"id":1225,"href":"https:\/\/iesmarcilla.educacion.navarra.es\/web\/rizoma\/wp-json\/wp\/v2\/pages\/664\/revisions\/1225"}],"up":[{"embeddable":true,"href":"https:\/\/iesmarcilla.educacion.navarra.es\/web\/rizoma\/wp-json\/wp\/v2\/pages\/78"}],"wp:attachment":[{"href":"https:\/\/iesmarcilla.educacion.navarra.es\/web\/rizoma\/wp-json\/wp\/v2\/media?parent=664"}],"curies":[{"name":"wp","href":"https:\/\/api.w.org\/{rel}","templated":true}]}}