{"id":633,"date":"2017-06-16T12:22:27","date_gmt":"2017-06-16T10:22:27","guid":{"rendered":"http:\/\/iesmarcilla.educacion.navarra.es\/web\/rizoma\/?page_id=633"},"modified":"2017-09-01T14:11:40","modified_gmt":"2017-09-01T12:11:40","slug":"booktubers","status":"publish","type":"page","link":"https:\/\/iesmarcilla.educacion.navarra.es\/web\/rizoma\/activismo-social\/booktubers\/","title":{"rendered":"Booktubers"},"content":{"rendered":"\t\t<div data-elementor-type=\"wp-page\" data-elementor-id=\"633\" class=\"elementor elementor-633 elementor-bc-flex-widget\">\n\t\t\t\t\t\t\t\t\t<section class=\"elementor-section elementor-top-section elementor-element elementor-element-bon6g5v elementor-section-boxed elementor-section-height-default elementor-section-height-default\" data-id=\"bon6g5v\" data-element_type=\"section\">\n\t\t\t\t\t\t<div class=\"elementor-container elementor-column-gap-default\">\n\t\t\t\t\t<div class=\"elementor-column elementor-col-100 elementor-top-column elementor-element elementor-element-69etsbm\" data-id=\"69etsbm\" data-element_type=\"column\">\n\t\t\t<div class=\"elementor-widget-wrap elementor-element-populated\">\n\t\t\t\t\t\t\t\t<div class=\"elementor-element elementor-element-ko35eiy elementor-widget elementor-widget-text-editor\" data-id=\"ko35eiy\" data-element_type=\"widget\" data-widget_type=\"text-editor.default\">\n\t\t\t\t<div class=\"elementor-widget-container\">\n\t\t\t\t\t\t\t<p class=\"justificado\">La acci\u00f3n est\u00e1 dise\u00f1ada para que alumnos de 1\u00babto lean y presenten diferentes novelas gr\u00e1ficas a alumnos de 1\u00baESO, convirti\u00e9ndose en mentores lectores de esos alumnos, acompa\u00f1\u00e1ndolos en el proceso lector e intercambiando valoraciones de las novelas. Como proyecto final creaban una recomendaci\u00f3n literaria en youtube.<\/p>\n<p class=\"justificado\">La iniciativa cumple varios objetivos: desarrollar una acci\u00f3n de animaci\u00f3n a la lectura, impulsar el aprendizaje entre iguales y fomentar la mentor\u00eda.<\/p>\t\t\t\t\t\t<\/div>\n\t\t\t\t<\/div>\n\t\t\t\t\t<\/div>\n\t\t<\/div>\n\t\t\t\t\t\t\t<\/div>\n\t\t<\/section>\n\t\t\t\t<section class=\"elementor-section elementor-top-section elementor-element elementor-element-ccj2le1 elementor-section-boxed elementor-section-height-default elementor-section-height-default\" data-id=\"ccj2le1\" data-element_type=\"section\">\n\t\t\t\t\t\t<div class=\"elementor-container elementor-column-gap-default\">\n\t\t\t\t\t<div class=\"elementor-column elementor-col-100 elementor-top-column elementor-element elementor-element-iyic7x0\" data-id=\"iyic7x0\" data-element_type=\"column\">\n\t\t\t<div class=\"elementor-widget-wrap elementor-element-populated\">\n\t\t\t\t\t\t\t\t<div class=\"elementor-element elementor-element-gveh3xf elementor-widget-divider--view-line elementor-widget elementor-widget-divider\" data-id=\"gveh3xf\" data-element_type=\"widget\" data-widget_type=\"divider.default\">\n\t\t\t\t<div class=\"elementor-widget-container\">\n\t\t\t\t\t<div class=\"elementor-divider\">\n\t\t\t<span class=\"elementor-divider-separator\">\n\t\t\t\t\t\t<\/span>\n\t\t<\/div>\n\t\t\t\t<\/div>\n\t\t\t\t<\/div>\n\t\t\t\t<section class=\"elementor-section elementor-inner-section elementor-element elementor-element-4bbyt3l elementor-section-boxed elementor-section-height-default elementor-section-height-default\" data-id=\"4bbyt3l\" data-element_type=\"section\">\n\t\t\t\t\t\t<div class=\"elementor-container elementor-column-gap-default\">\n\t\t\t\t\t<div class=\"elementor-column elementor-col-50 elementor-inner-column elementor-element elementor-element-obegqc7\" data-id=\"obegqc7\" data-element_type=\"column\">\n\t\t\t<div class=\"elementor-widget-wrap elementor-element-populated\">\n\t\t\t\t\t\t\t\t<div class=\"elementor-element elementor-element-umpa5t0 elementor-widget elementor-widget-text-editor\" data-id=\"umpa5t0\" data-element_type=\"widget\" data-widget_type=\"text-editor.default\">\n\t\t\t\t<div class=\"elementor-widget-container\">\n\t\t\t\t\t\t\t<div id=\"metaslider-id-881\" style=\"max-width: 416px; margin: 0 auto;\" class=\"ml-slider-3-107-0 metaslider metaslider-responsive metaslider-881 ml-slider ms-theme-default\" role=\"region\" aria-label=\"Booktubers\" data-height=\"312\" data-width=\"416\">\n    <div id=\"metaslider_container_881\">\n        <ul id='metaslider_881' class='rslides'>\n            <li aria-roledescription='slide' aria-labelledby='slide-0'><img loading=\"lazy\" src=\"https:\/\/iesmarcilla.educacion.navarra.es\/web\/rizoma\/wp-content\/uploads\/sites\/3\/2017\/06\/BOOKTUBERS-416x312.jpg\" height=\"312\" width=\"416\" alt=\"\" class=\"slider-881 slide-882 msDefaultImage\" \/><div class=\"caption-wrap\"><div class=\"caption\">Booktubers<\/div><\/div><\/li>\n            <li style='display: none;' aria-roledescription='slide' aria-labelledby='slide-1'><img loading=\"lazy\" src=\"https:\/\/iesmarcilla.educacion.navarra.es\/web\/rizoma\/wp-content\/uploads\/sites\/3\/2017\/06\/IMG_20170511_111708-416x312.jpg\" height=\"312\" width=\"416\" alt=\"\" class=\"slider-881 slide-902 msDefaultImage\" \/><\/li>\n            <li style='display: none;' aria-roledescription='slide' aria-labelledby='slide-2'><img loading=\"lazy\" src=\"https:\/\/iesmarcilla.educacion.navarra.es\/web\/rizoma\/wp-content\/uploads\/sites\/3\/2017\/06\/IMG_20170511_111715-416x312.jpg\" height=\"312\" width=\"416\" alt=\"\" class=\"slider-881 slide-903 msDefaultImage\" \/><\/li>\n            <li style='display: none;' aria-roledescription='slide' aria-labelledby='slide-3'><img loading=\"lazy\" src=\"https:\/\/iesmarcilla.educacion.navarra.es\/web\/rizoma\/wp-content\/uploads\/sites\/3\/2017\/06\/IMG_20170511_111725-416x312.jpg\" height=\"312\" width=\"416\" alt=\"\" class=\"slider-881 slide-904 msDefaultImage\" \/><\/li>\n            <li style='display: none;' aria-roledescription='slide' aria-labelledby='slide-4'><img loading=\"lazy\" src=\"https:\/\/iesmarcilla.educacion.navarra.es\/web\/rizoma\/wp-content\/uploads\/sites\/3\/2017\/06\/IMG_20170511_111730-416x312.jpg\" height=\"312\" width=\"416\" alt=\"\" class=\"slider-881 slide-905 msDefaultImage\" \/><\/li>\n            <li style='display: none;' aria-roledescription='slide' aria-labelledby='slide-5'><img loading=\"lazy\" src=\"https:\/\/iesmarcilla.educacion.navarra.es\/web\/rizoma\/wp-content\/uploads\/sites\/3\/2017\/06\/IMG_20170511_111743-416x312.jpg\" height=\"312\" width=\"416\" alt=\"\" class=\"slider-881 slide-906 msDefaultImage\" \/><\/li>\n            <li style='display: none;' aria-roledescription='slide' aria-labelledby='slide-6'><img loading=\"lazy\" src=\"https:\/\/iesmarcilla.educacion.navarra.es\/web\/rizoma\/wp-content\/uploads\/sites\/3\/2017\/06\/IMG_20170407_125223-416x312.jpg\" height=\"312\" width=\"416\" alt=\"\" class=\"slider-881 slide-907 msDefaultImage\" \/><\/li>\n            <li style='display: none;' aria-roledescription='slide' aria-labelledby='slide-7'><img loading=\"lazy\" src=\"https:\/\/iesmarcilla.educacion.navarra.es\/web\/rizoma\/wp-content\/uploads\/sites\/3\/2017\/06\/IMG_20170407_125235-416x312.jpg\" height=\"312\" width=\"416\" alt=\"\" class=\"slider-881 slide-908 msDefaultImage\" \/><\/li>\n            <li style='display: none;' aria-roledescription='slide' aria-labelledby='slide-8'><img loading=\"lazy\" src=\"https:\/\/iesmarcilla.educacion.navarra.es\/web\/rizoma\/wp-content\/uploads\/sites\/3\/2017\/06\/IMG_20170504_111642-416x312.jpg\" height=\"312\" width=\"416\" alt=\"\" class=\"slider-881 slide-909 msDefaultImage\" \/><\/li>\n            <li style='display: none;' aria-roledescription='slide' aria-labelledby='slide-9'><img loading=\"lazy\" src=\"https:\/\/iesmarcilla.educacion.navarra.es\/web\/rizoma\/wp-content\/uploads\/sites\/3\/2017\/06\/IMG_20170504_111836-416x312.jpg\" height=\"312\" width=\"416\" alt=\"\" class=\"slider-881 slide-910 msDefaultImage\" \/><\/li>\n            <li style='display: none;' aria-roledescription='slide' aria-labelledby='slide-10'><img loading=\"lazy\" src=\"https:\/\/iesmarcilla.educacion.navarra.es\/web\/rizoma\/wp-content\/uploads\/sites\/3\/2017\/06\/IMG_20170504_111907-416x312.jpg\" height=\"312\" width=\"416\" alt=\"\" class=\"slider-881 slide-911 msDefaultImage\" \/><\/li>\n            <li style='display: none;' aria-roledescription='slide' aria-labelledby='slide-11'><img loading=\"lazy\" src=\"https:\/\/iesmarcilla.educacion.navarra.es\/web\/rizoma\/wp-content\/uploads\/sites\/3\/2017\/06\/IMG_20170504_111919-416x312.jpg\" height=\"312\" width=\"416\" alt=\"\" class=\"slider-881 slide-912 msDefaultImage\" \/><\/li>\n            <li style='display: none;' aria-roledescription='slide' aria-labelledby='slide-12'><img loading=\"lazy\" src=\"https:\/\/iesmarcilla.educacion.navarra.es\/web\/rizoma\/wp-content\/uploads\/sites\/3\/2017\/06\/IMG_20170504_112132-416x312.jpg\" height=\"312\" width=\"416\" alt=\"\" class=\"slider-881 slide-913 msDefaultImage\" \/><\/li>\n            <li style='display: none;' aria-roledescription='slide' aria-labelledby='slide-13'><img loading=\"lazy\" src=\"https:\/\/iesmarcilla.educacion.navarra.es\/web\/rizoma\/wp-content\/uploads\/sites\/3\/2017\/06\/IMG_20170504_112209-416x312.jpg\" height=\"312\" width=\"416\" alt=\"\" class=\"slider-881 slide-914 msDefaultImage\" \/><\/li>\n            <li style='display: none;' aria-roledescription='slide' aria-labelledby='slide-14'><img loading=\"lazy\" src=\"https:\/\/iesmarcilla.educacion.navarra.es\/web\/rizoma\/wp-content\/uploads\/sites\/3\/2017\/06\/IMG_20170504_112326-416x312.jpg\" height=\"312\" width=\"416\" alt=\"\" class=\"slider-881 slide-915 msDefaultImage\" \/><\/li>\n            <li style='display: none;' aria-roledescription='slide' aria-labelledby='slide-15'><img loading=\"lazy\" src=\"https:\/\/iesmarcilla.educacion.navarra.es\/web\/rizoma\/wp-content\/uploads\/sites\/3\/2017\/06\/IMG_20170504_112510-416x312.jpg\" height=\"312\" width=\"416\" alt=\"\" class=\"slider-881 slide-916 msDefaultImage\" \/><\/li>\n            <li style='display: none;' aria-roledescription='slide' aria-labelledby='slide-16'><img loading=\"lazy\" src=\"https:\/\/iesmarcilla.educacion.navarra.es\/web\/rizoma\/wp-content\/uploads\/sites\/3\/2017\/06\/IMG_20170504_112522-416x312.jpg\" height=\"312\" width=\"416\" alt=\"\" class=\"slider-881 slide-917 msDefaultImage\" \/><\/li>\n            <li style='display: none;' aria-roledescription='slide' aria-labelledby='slide-17'><img loading=\"lazy\" src=\"https:\/\/iesmarcilla.educacion.navarra.es\/web\/rizoma\/wp-content\/uploads\/sites\/3\/2017\/06\/IMG_20170504_112648-416x312.jpg\" height=\"312\" width=\"416\" alt=\"\" class=\"slider-881 slide-918 msDefaultImage\" \/><\/li>\n            <li style='display: none;' aria-roledescription='slide' aria-labelledby='slide-18'><img loading=\"lazy\" src=\"https:\/\/iesmarcilla.educacion.navarra.es\/web\/rizoma\/wp-content\/uploads\/sites\/3\/2017\/06\/IMG_20170511_111701-416x312.jpg\" height=\"312\" width=\"416\" alt=\"\" class=\"slider-881 slide-919 msDefaultImage\" \/><\/li>\n            <li style='display: none;' aria-roledescription='slide' aria-labelledby='slide-19'><img loading=\"lazy\" src=\"https:\/\/iesmarcilla.educacion.navarra.es\/web\/rizoma\/wp-content\/uploads\/sites\/3\/2017\/06\/IMG_20170511_111706_HDR-416x312.jpg\" height=\"312\" width=\"416\" alt=\"\" class=\"slider-881 slide-920 msDefaultImage\" \/><\/li>\n        <\/ul>\n        \n    <\/div>\n<\/div>\t\t\t\t\t\t<\/div>\n\t\t\t\t<\/div>\n\t\t\t\t\t<\/div>\n\t\t<\/div>\n\t\t\t\t<div class=\"elementor-column elementor-col-50 elementor-inner-column elementor-element elementor-element-pnysd91\" data-id=\"pnysd91\" data-element_type=\"column\">\n\t\t\t<div class=\"elementor-widget-wrap elementor-element-populated\">\n\t\t\t\t\t\t\t\t<div class=\"elementor-element elementor-element-oyu9m46 elementor-widget elementor-widget-text-editor\" data-id=\"oyu9m46\" data-element_type=\"widget\" data-widget_type=\"text-editor.default\">\n\t\t\t\t<div class=\"elementor-widget-container\">\n\t\t\t\t\t\t\t<a href=\"https:\/\/drive.google.com\/file\/d\/0By4EK4ZKpLSrbDFYZjBhY2lib1k\/view?usp=sharing\" target=\"_blank\">\n<div class=\"mas-info-largo\">Ficha de elaboraci\u00f3n Booktuber<\/div><\/a>\n<br>\n<a href=\"https:\/\/drive.google.com\/file\/d\/0By4EK4ZKpLSreU5ZRjRwNE5peTA\/view?usp=sharing\" target=\"_blank\">\n<div class=\"mas-info-largo\">Listado de novelas gr\u00e1ficas<\/div><\/a>\n<br>\n<a href=\"https:\/\/drive.google.com\/file\/d\/0By4EK4ZKpLSreXpuVktnS09vRHc\/view?usp=sharing\" target=\"_blank\">\n<div class=\"mas-info-largo\">Planificaci\u00f3n de la iniciativa<\/div><\/a>\n<br>\n<a href=\"https:\/\/drive.google.com\/file\/d\/0By4EK4ZKpLSrX2VGTkpCZExLakE\/view?usp=sharing\" target=\"_blank\">\n<div class=\"mas-info-largo\">Proyectos Finales<\/div><\/a>\n&nbsp;\t\t\t\t\t\t<\/div>\n\t\t\t\t<\/div>\n\t\t\t\t\t<\/div>\n\t\t<\/div>\n\t\t\t\t\t\t\t<\/div>\n\t\t<\/section>\n\t\t\t\t\t<\/div>\n\t\t<\/div>\n\t\t\t\t\t\t\t<\/div>\n\t\t<\/section>\n\t\t\t\t\t\t\t<\/div>\n\t\t","protected":false},"excerpt":{"rendered":"<p>La acci\u00f3n est\u00e1 dise\u00f1ada para que alumnos de 1\u00babto lean y presenten diferentes novelas gr\u00e1ficas a alumnos de 1\u00baESO, convirti\u00e9ndose en mentores lectores de esos alumnos, acompa\u00f1\u00e1ndolos en el proceso lector e intercambiando valoraciones de las novelas. Como proyecto final creaban una recomendaci\u00f3n literaria en youtube. La iniciativa cumple varios objetivos: desarrollar una acci\u00f3n de [&hellip;]<\/p>\n","protected":false},"author":2,"featured_media":0,"parent":78,"menu_order":0,"comment_status":"closed","ping_status":"closed","template":"","meta":{"_genesis_hide_title":false,"_genesis_hide_breadcrumbs":false,"_genesis_hide_singular_image":false,"_genesis_hide_footer_widgets":false,"_genesis_custom_body_class":"","_genesis_custom_post_class":"","_genesis_layout":""},"_links":{"self":[{"href":"https:\/\/iesmarcilla.educacion.navarra.es\/web\/rizoma\/wp-json\/wp\/v2\/pages\/633"}],"collection":[{"href":"https:\/\/iesmarcilla.educacion.navarra.es\/web\/rizoma\/wp-json\/wp\/v2\/pages"}],"about":[{"href":"https:\/\/iesmarcilla.educacion.navarra.es\/web\/rizoma\/wp-json\/wp\/v2\/types\/page"}],"author":[{"embeddable":true,"href":"https:\/\/iesmarcilla.educacion.navarra.es\/web\/rizoma\/wp-json\/wp\/v2\/users\/2"}],"replies":[{"embeddable":true,"href":"https:\/\/iesmarcilla.educacion.navarra.es\/web\/rizoma\/wp-json\/wp\/v2\/comments?post=633"}],"version-history":[{"count":5,"href":"https:\/\/iesmarcilla.educacion.navarra.es\/web\/rizoma\/wp-json\/wp\/v2\/pages\/633\/revisions"}],"predecessor-version":[{"id":1260,"href":"https:\/\/iesmarcilla.educacion.navarra.es\/web\/rizoma\/wp-json\/wp\/v2\/pages\/633\/revisions\/1260"}],"up":[{"embeddable":true,"href":"https:\/\/iesmarcilla.educacion.navarra.es\/web\/rizoma\/wp-json\/wp\/v2\/pages\/78"}],"wp:attachment":[{"href":"https:\/\/iesmarcilla.educacion.navarra.es\/web\/rizoma\/wp-json\/wp\/v2\/media?parent=633"}],"curies":[{"name":"wp","href":"https:\/\/api.w.org\/{rel}","templated":true}]}}