{"id":588,"date":"2017-06-15T19:11:03","date_gmt":"2017-06-15T17:11:03","guid":{"rendered":"http:\/\/iesmarcilla.educacion.navarra.es\/web\/rizoma\/?page_id=588"},"modified":"2017-06-22T12:01:35","modified_gmt":"2017-06-22T10:01:35","slug":"conecta-joven","status":"publish","type":"page","link":"https:\/\/iesmarcilla.educacion.navarra.es\/web\/rizoma\/activismo-social\/conecta-joven\/","title":{"rendered":"Conecta Joven"},"content":{"rendered":"\t\t<div data-elementor-type=\"wp-page\" data-elementor-id=\"588\" class=\"elementor elementor-588 elementor-bc-flex-widget\">\n\t\t\t\t\t\t\t\t\t<section class=\"elementor-section elementor-top-section elementor-element elementor-element-61it64e elementor-section-boxed elementor-section-height-default elementor-section-height-default\" data-id=\"61it64e\" data-element_type=\"section\">\n\t\t\t\t\t\t<div class=\"elementor-container elementor-column-gap-default\">\n\t\t\t\t\t<div class=\"elementor-column elementor-col-100 elementor-top-column elementor-element elementor-element-bjawcbw\" data-id=\"bjawcbw\" data-element_type=\"column\">\n\t\t\t<div class=\"elementor-widget-wrap elementor-element-populated\">\n\t\t\t\t\t\t\t\t<div class=\"elementor-element elementor-element-bumxzpi elementor-widget elementor-widget-text-editor\" data-id=\"bumxzpi\" data-element_type=\"widget\" data-widget_type=\"text-editor.default\">\n\t\t\t\t<div class=\"elementor-widget-container\">\n\t\t\t\t\t\t\t<p class=\"justificado\">Este es el tercer a\u00f1o en el que se ha implementado el programa \u201cConecta Joven\u201d, proyecto de aprendizaje y servicio de la Fundaci\u00f3n Esplai.<\/p>\n<p class=\"justificado\">Los alumnos de 4\u00baESO han reflexionado y se han formado en aspectos vinculados con la nuevas tecnolog\u00edas (uso de internet, tecnolog\u00eda m\u00f3vil, identidad y huella digital, seguridad en redes,\u2026) y se han convertido, a su vez, en formadores de los alumnos de 1\u00baESO.<\/p>\n<p class=\"justificado\">La acci\u00f3n se ha desarrollado gracias a la implicaci\u00f3n de los SSB, que dirigen la formaci\u00f3n.<\/p>\t\t\t\t\t\t<\/div>\n\t\t\t\t<\/div>\n\t\t\t\t\t<\/div>\n\t\t<\/div>\n\t\t\t\t\t\t\t<\/div>\n\t\t<\/section>\n\t\t\t\t<section class=\"elementor-section elementor-top-section elementor-element elementor-element-slctpze elementor-section-boxed elementor-section-height-default elementor-section-height-default\" data-id=\"slctpze\" data-element_type=\"section\">\n\t\t\t\t\t\t<div class=\"elementor-container elementor-column-gap-default\">\n\t\t\t\t\t<div class=\"elementor-column elementor-col-100 elementor-top-column elementor-element elementor-element-fpwv3jq\" data-id=\"fpwv3jq\" data-element_type=\"column\">\n\t\t\t<div class=\"elementor-widget-wrap elementor-element-populated\">\n\t\t\t\t\t\t\t\t<div class=\"elementor-element elementor-element-p1hmmum elementor-widget-divider--view-line elementor-widget elementor-widget-divider\" data-id=\"p1hmmum\" data-element_type=\"widget\" data-widget_type=\"divider.default\">\n\t\t\t\t<div class=\"elementor-widget-container\">\n\t\t\t\t\t<div class=\"elementor-divider\">\n\t\t\t<span class=\"elementor-divider-separator\">\n\t\t\t\t\t\t<\/span>\n\t\t<\/div>\n\t\t\t\t<\/div>\n\t\t\t\t<\/div>\n\t\t\t\t<section class=\"elementor-section elementor-inner-section elementor-element elementor-element-55j6hr3 elementor-section-boxed elementor-section-height-default elementor-section-height-default\" data-id=\"55j6hr3\" data-element_type=\"section\">\n\t\t\t\t\t\t<div class=\"elementor-container elementor-column-gap-default\">\n\t\t\t\t\t<div class=\"elementor-column elementor-col-50 elementor-inner-column elementor-element elementor-element-2iwud2m\" data-id=\"2iwud2m\" data-element_type=\"column\">\n\t\t\t<div class=\"elementor-widget-wrap elementor-element-populated\">\n\t\t\t\t\t\t\t\t<div class=\"elementor-element elementor-element-yv84aek elementor-widget elementor-widget-text-editor\" data-id=\"yv84aek\" data-element_type=\"widget\" data-widget_type=\"text-editor.default\">\n\t\t\t\t<div class=\"elementor-widget-container\">\n\t\t\t\t\t\t\t<div id=\"metaslider-id-965\" style=\"max-width: 416px; margin: 0 auto;\" class=\"ml-slider-3-107-0 metaslider metaslider-responsive metaslider-965 ml-slider ms-theme-default\" role=\"region\" aria-label=\"Conecta Joven\" data-height=\"312\" data-width=\"416\">\n    <div id=\"metaslider_container_965\">\n        <ul id='metaslider_965' class='rslides'>\n            <li aria-roledescription='slide' aria-labelledby='slide-0'><img loading=\"lazy\" src=\"https:\/\/iesmarcilla.educacion.navarra.es\/web\/rizoma\/wp-content\/uploads\/sites\/3\/2017\/06\/CONECTA-JOVEN-416x312.jpg\" height=\"312\" width=\"416\" alt=\"\" class=\"slider-965 slide-966 msDefaultImage\" \/><div class=\"caption-wrap\"><div class=\"caption\">Conecta Joven<\/div><\/div><\/li>\n            <li style='display: none;' aria-roledescription='slide' aria-labelledby='slide-1'><img loading=\"lazy\" src=\"https:\/\/iesmarcilla.educacion.navarra.es\/web\/rizoma\/wp-content\/uploads\/sites\/3\/2017\/06\/IMG_20161103_101409-416x312.jpg\" height=\"312\" width=\"416\" alt=\"\" class=\"slider-965 slide-989 msDefaultImage\" \/><\/li>\n            <li style='display: none;' aria-roledescription='slide' aria-labelledby='slide-2'><img loading=\"lazy\" src=\"https:\/\/iesmarcilla.educacion.navarra.es\/web\/rizoma\/wp-content\/uploads\/sites\/3\/2017\/06\/2017-02-21-11.55.38-416x312.jpg\" height=\"312\" width=\"416\" alt=\"\" class=\"slider-965 slide-990 msDefaultImage\" \/><\/li>\n            <li style='display: none;' aria-roledescription='slide' aria-labelledby='slide-3'><img loading=\"lazy\" src=\"https:\/\/iesmarcilla.educacion.navarra.es\/web\/rizoma\/wp-content\/uploads\/sites\/3\/2017\/06\/2017-02-21-11.55.46-416x312.jpg\" height=\"312\" width=\"416\" alt=\"\" class=\"slider-965 slide-991 msDefaultImage\" \/><\/li>\n            <li style='display: none;' aria-roledescription='slide' aria-labelledby='slide-4'><img loading=\"lazy\" src=\"https:\/\/iesmarcilla.educacion.navarra.es\/web\/rizoma\/wp-content\/uploads\/sites\/3\/2017\/06\/2017-02-21-11.57.56-416x312.jpg\" height=\"312\" width=\"416\" alt=\"\" class=\"slider-965 slide-992 msDefaultImage\" \/><\/li>\n            <li style='display: none;' aria-roledescription='slide' aria-labelledby='slide-5'><img loading=\"lazy\" src=\"https:\/\/iesmarcilla.educacion.navarra.es\/web\/rizoma\/wp-content\/uploads\/sites\/3\/2017\/06\/2017-02-21-11.57.58-416x312.jpg\" height=\"312\" width=\"416\" alt=\"\" class=\"slider-965 slide-993 msDefaultImage\" \/><\/li>\n            <li style='display: none;' aria-roledescription='slide' aria-labelledby='slide-6'><img loading=\"lazy\" src=\"https:\/\/iesmarcilla.educacion.navarra.es\/web\/rizoma\/wp-content\/uploads\/sites\/3\/2017\/06\/2017-02-21-12.35.23-416x312.jpg\" height=\"312\" width=\"416\" alt=\"\" class=\"slider-965 slide-994 msDefaultImage\" \/><\/li>\n            <li style='display: none;' aria-roledescription='slide' aria-labelledby='slide-7'><img loading=\"lazy\" src=\"https:\/\/iesmarcilla.educacion.navarra.es\/web\/rizoma\/wp-content\/uploads\/sites\/3\/2017\/06\/2017-02-21-12.35.29-416x312.jpg\" height=\"312\" width=\"416\" alt=\"\" class=\"slider-965 slide-995 msDefaultImage\" \/><\/li>\n            <li style='display: none;' aria-roledescription='slide' aria-labelledby='slide-8'><img loading=\"lazy\" src=\"https:\/\/iesmarcilla.educacion.navarra.es\/web\/rizoma\/wp-content\/uploads\/sites\/3\/2017\/06\/IMG_20161103_094519-416x312.jpg\" height=\"312\" width=\"416\" alt=\"\" class=\"slider-965 slide-996 msDefaultImage\" \/><\/li>\n            <li style='display: none;' aria-roledescription='slide' aria-labelledby='slide-9'><img loading=\"lazy\" src=\"https:\/\/iesmarcilla.educacion.navarra.es\/web\/rizoma\/wp-content\/uploads\/sites\/3\/2017\/06\/IMG_20161103_094522-416x312.jpg\" height=\"312\" width=\"416\" alt=\"\" class=\"slider-965 slide-997 msDefaultImage\" \/><\/li>\n            <li style='display: none;' aria-roledescription='slide' aria-labelledby='slide-10'><img loading=\"lazy\" src=\"https:\/\/iesmarcilla.educacion.navarra.es\/web\/rizoma\/wp-content\/uploads\/sites\/3\/2017\/06\/IMG_20161103_094524-416x312.jpg\" height=\"312\" width=\"416\" alt=\"\" class=\"slider-965 slide-998 msDefaultImage\" \/><\/li>\n            <li style='display: none;' aria-roledescription='slide' aria-labelledby='slide-11'><img loading=\"lazy\" src=\"https:\/\/iesmarcilla.educacion.navarra.es\/web\/rizoma\/wp-content\/uploads\/sites\/3\/2017\/06\/IMG_20161103_095804-416x312.jpg\" height=\"312\" width=\"416\" alt=\"\" class=\"slider-965 slide-999 msDefaultImage\" \/><\/li>\n            <li style='display: none;' aria-roledescription='slide' aria-labelledby='slide-12'><img loading=\"lazy\" src=\"https:\/\/iesmarcilla.educacion.navarra.es\/web\/rizoma\/wp-content\/uploads\/sites\/3\/2017\/06\/IMG_20161103_095806-416x312.jpg\" height=\"312\" width=\"416\" alt=\"\" class=\"slider-965 slide-1000 msDefaultImage\" \/><\/li>\n            <li style='display: none;' aria-roledescription='slide' aria-labelledby='slide-13'><img loading=\"lazy\" src=\"https:\/\/iesmarcilla.educacion.navarra.es\/web\/rizoma\/wp-content\/uploads\/sites\/3\/2017\/06\/IMG_20161103_095935-416x312.jpg\" height=\"312\" width=\"416\" alt=\"\" class=\"slider-965 slide-1001 msDefaultImage\" \/><\/li>\n            <li style='display: none;' aria-roledescription='slide' aria-labelledby='slide-14'><img loading=\"lazy\" src=\"https:\/\/iesmarcilla.educacion.navarra.es\/web\/rizoma\/wp-content\/uploads\/sites\/3\/2017\/06\/IMG_20161103_095943-416x312.jpg\" height=\"312\" width=\"416\" alt=\"\" class=\"slider-965 slide-1002 msDefaultImage\" \/><\/li>\n            <li style='display: none;' aria-roledescription='slide' aria-labelledby='slide-15'><img loading=\"lazy\" src=\"https:\/\/iesmarcilla.educacion.navarra.es\/web\/rizoma\/wp-content\/uploads\/sites\/3\/2017\/06\/IMG_20161103_100010-416x312.jpg\" height=\"312\" width=\"416\" alt=\"\" class=\"slider-965 slide-1003 msDefaultImage\" \/><\/li>\n            <li style='display: none;' aria-roledescription='slide' aria-labelledby='slide-16'><img loading=\"lazy\" src=\"https:\/\/iesmarcilla.educacion.navarra.es\/web\/rizoma\/wp-content\/uploads\/sites\/3\/2017\/06\/IMG_20161103_100012-416x312.jpg\" height=\"312\" width=\"416\" alt=\"\" class=\"slider-965 slide-1004 msDefaultImage\" \/><\/li>\n            <li style='display: none;' aria-roledescription='slide' aria-labelledby='slide-17'><img loading=\"lazy\" src=\"https:\/\/iesmarcilla.educacion.navarra.es\/web\/rizoma\/wp-content\/uploads\/sites\/3\/2017\/06\/IMG_20161103_100022-416x312.jpg\" height=\"312\" width=\"416\" alt=\"\" class=\"slider-965 slide-1005 msDefaultImage\" \/><\/li>\n            <li style='display: none;' aria-roledescription='slide' aria-labelledby='slide-18'><img loading=\"lazy\" src=\"https:\/\/iesmarcilla.educacion.navarra.es\/web\/rizoma\/wp-content\/uploads\/sites\/3\/2017\/06\/IMG_20161103_101404-416x312.jpg\" height=\"312\" width=\"416\" alt=\"\" class=\"slider-965 slide-1006 msDefaultImage\" \/><\/li>\n            <li style='display: none;' aria-roledescription='slide' aria-labelledby='slide-19'><img loading=\"lazy\" src=\"https:\/\/iesmarcilla.educacion.navarra.es\/web\/rizoma\/wp-content\/uploads\/sites\/3\/2017\/06\/IMG_20161103_101406-416x312.jpg\" height=\"312\" width=\"416\" alt=\"\" class=\"slider-965 slide-1007 msDefaultImage\" \/><\/li>\n            <li style='display: none;' aria-roledescription='slide' aria-labelledby='slide-20'><img loading=\"lazy\" src=\"https:\/\/iesmarcilla.educacion.navarra.es\/web\/rizoma\/wp-content\/uploads\/sites\/3\/2017\/06\/IMG_20161103_101407-416x312.jpg\" height=\"312\" width=\"416\" alt=\"\" class=\"slider-965 slide-1008 msDefaultImage\" \/><\/li>\n            <li style='display: none;' aria-roledescription='slide' aria-labelledby='slide-21'><img loading=\"lazy\" src=\"https:\/\/iesmarcilla.educacion.navarra.es\/web\/rizoma\/wp-content\/uploads\/sites\/3\/2017\/06\/IMG_20161103_101408-416x312.jpg\" height=\"312\" width=\"416\" alt=\"\" class=\"slider-965 slide-1009 msDefaultImage\" \/><\/li>\n        <\/ul>\n        \n    <\/div>\n<\/div>\t\t\t\t\t\t<\/div>\n\t\t\t\t<\/div>\n\t\t\t\t\t<\/div>\n\t\t<\/div>\n\t\t\t\t<div class=\"elementor-column elementor-col-50 elementor-inner-column elementor-element elementor-element-8hkwlah\" data-id=\"8hkwlah\" data-element_type=\"column\">\n\t\t\t<div class=\"elementor-widget-wrap elementor-element-populated\">\n\t\t\t\t\t\t\t\t<div class=\"elementor-element elementor-element-ee2wq9t elementor-widget elementor-widget-text-editor\" data-id=\"ee2wq9t\" data-element_type=\"widget\" data-widget_type=\"text-editor.default\">\n\t\t\t\t<div class=\"elementor-widget-container\">\n\t\t\t\t\t\t\t<a href=\"https:\/\/drive.google.com\/file\/d\/0By4EK4ZKpLSrRW1iMTNaSU9MWFU\/view?usp=sharing\" target=\"_blank\"><div class=\"mas-info-largo\">Autorizaci\u00f3n paterna<\/div><\/a>\n&nbsp;\n<a href=\"https:\/\/drive.google.com\/file\/d\/0By4EK4ZKpLSrX2JrLWgwOXNkYzA\/view?usp=sharing\" target=\"_blank\"><div class=\"mas-info-largo\">Calendario de sesiones formativas<\/div><\/a>\n&nbsp;\t\t\t\t\t\t<\/div>\n\t\t\t\t<\/div>\n\t\t\t\t\t<\/div>\n\t\t<\/div>\n\t\t\t\t\t\t\t<\/div>\n\t\t<\/section>\n\t\t\t\t\t<\/div>\n\t\t<\/div>\n\t\t\t\t\t\t\t<\/div>\n\t\t<\/section>\n\t\t\t\t\t\t\t<\/div>\n\t\t","protected":false},"excerpt":{"rendered":"<p>Este es el tercer a\u00f1o en el que se ha implementado el programa \u201cConecta Joven\u201d, proyecto de aprendizaje y servicio de la Fundaci\u00f3n Esplai. Los alumnos de 4\u00baESO han reflexionado y se han formado en aspectos vinculados con la nuevas tecnolog\u00edas (uso de internet, tecnolog\u00eda m\u00f3vil, identidad y huella digital, seguridad en redes,\u2026) y se [&hellip;]<\/p>\n","protected":false},"author":2,"featured_media":0,"parent":78,"menu_order":0,"comment_status":"closed","ping_status":"closed","template":"","meta":{"_genesis_hide_title":false,"_genesis_hide_breadcrumbs":false,"_genesis_hide_singular_image":false,"_genesis_hide_footer_widgets":false,"_genesis_custom_body_class":"","_genesis_custom_post_class":"","_genesis_layout":""},"_links":{"self":[{"href":"https:\/\/iesmarcilla.educacion.navarra.es\/web\/rizoma\/wp-json\/wp\/v2\/pages\/588"}],"collection":[{"href":"https:\/\/iesmarcilla.educacion.navarra.es\/web\/rizoma\/wp-json\/wp\/v2\/pages"}],"about":[{"href":"https:\/\/iesmarcilla.educacion.navarra.es\/web\/rizoma\/wp-json\/wp\/v2\/types\/page"}],"author":[{"embeddable":true,"href":"https:\/\/iesmarcilla.educacion.navarra.es\/web\/rizoma\/wp-json\/wp\/v2\/users\/2"}],"replies":[{"embeddable":true,"href":"https:\/\/iesmarcilla.educacion.navarra.es\/web\/rizoma\/wp-json\/wp\/v2\/comments?post=588"}],"version-history":[{"count":7,"href":"https:\/\/iesmarcilla.educacion.navarra.es\/web\/rizoma\/wp-json\/wp\/v2\/pages\/588\/revisions"}],"predecessor-version":[{"id":1219,"href":"https:\/\/iesmarcilla.educacion.navarra.es\/web\/rizoma\/wp-json\/wp\/v2\/pages\/588\/revisions\/1219"}],"up":[{"embeddable":true,"href":"https:\/\/iesmarcilla.educacion.navarra.es\/web\/rizoma\/wp-json\/wp\/v2\/pages\/78"}],"wp:attachment":[{"href":"https:\/\/iesmarcilla.educacion.navarra.es\/web\/rizoma\/wp-json\/wp\/v2\/media?parent=588"}],"curies":[{"name":"wp","href":"https:\/\/api.w.org\/{rel}","templated":true}]}}