{"id":494,"date":"2017-06-15T09:43:10","date_gmt":"2017-06-15T07:43:10","guid":{"rendered":"http:\/\/iesmarcilla.educacion.navarra.es\/web\/rizoma\/?page_id=494"},"modified":"2017-06-21T12:27:36","modified_gmt":"2017-06-21T10:27:36","slug":"mapeando-rizoma","status":"publish","type":"page","link":"https:\/\/iesmarcilla.educacion.navarra.es\/web\/rizoma\/mapeando-rizoma\/","title":{"rendered":"Mapeando Rizoma"},"content":{"rendered":"\t\t<div data-elementor-type=\"wp-page\" data-elementor-id=\"494\" class=\"elementor elementor-494 elementor-bc-flex-widget\">\n\t\t\t\t\t\t\t\t\t<section class=\"elementor-section elementor-top-section elementor-element elementor-element-dirfenp elementor-section-boxed elementor-section-height-default elementor-section-height-default\" data-id=\"dirfenp\" data-element_type=\"section\">\n\t\t\t\t\t\t<div class=\"elementor-container elementor-column-gap-default\">\n\t\t\t\t\t<div class=\"elementor-column elementor-col-100 elementor-top-column elementor-element elementor-element-vzesrsi\" data-id=\"vzesrsi\" data-element_type=\"column\">\n\t\t\t<div class=\"elementor-widget-wrap elementor-element-populated\">\n\t\t\t\t\t\t\t\t<div class=\"elementor-element elementor-element-stfqcpg elementor-widget elementor-widget-text-editor\" data-id=\"stfqcpg\" data-element_type=\"widget\" data-widget_type=\"text-editor.default\">\n\t\t\t\t<div class=\"elementor-widget-container\">\n\t\t\t\t\t\t\t<p>&nbsp;<\/p>\r\n<h3>Contexto<\/h3>\r\n<p class=\"justificado\">El proyecto Rizoma ha nacido y se ha desarrollado en el IES Marqu\u00e9s de Villena. El instituto ubicado en Marcilla, municipio de la Ribera Alta de Navarra, ofrece sus servicios a distintas localidades: Marcilla, Villafranca, Caparroso, Cadreita y Milagro. Los alumnos de Falces se  incorporan en 3\u00ba de la ESO y en bachillerato los alumnos de la zona de Carcastillo. En total m\u00e1s de 700 alumnos.<\/p>\r\n<p class=\"justificado\">El instituto, como la sociedad, ha ido cambiando. As\u00ed el n\u00famero de alumnos inmigrantes ha ido aumentando acerc\u00e1ndose en la actualidad al 40% del alumnado del centro. Tambi\u00e9n cada a\u00f1o aumentan las familias que requieren ayudas sociales para poder subsistir y con necesidades espec\u00edficas de apoyo educativo. Esto se traduce en un aumento en las intervenciones en casos de conflicto social y de desprotecci\u00f3n social.<\/p>\r\n<p class=\"justificado\">Estas cambios sociales han hecho que las necesidades educativas de los alumnos y las caracter\u00edsticas del propio centro vayan cambiando, generando l\u00edneas de intervenci\u00f3n m\u00e1s amplias que las meramente curriculares e instructivas.<\/p>\r\n<p class=\"justificado\">No son menos numerosos los Servicios Sociales con los que se trabaja: SSB de Valtierra, SSB de Peralta, SSB de Olite, SSB de Carcastillo y dos equipos de atenci\u00f3n a la infancia y adolescencia EAIA de Tudela y EAIA de Tafalla.<\/p>\r\n\r\n<h3>Historia<\/h3>\r\n<p class=\"justificado\">El proyecto Rizoma se presenta como proyecto de innovaci\u00f3n educativa en el curso 14-15. Tras su aprobaci\u00f3n en Claustro y Consejo Escolar, se forma el grupo motor formado por ocho profesores. En este primer a\u00f1o de implantaci\u00f3n se organiza una formaci\u00f3n conjunta para los agentes sociales y la comunidad educativa, donde se abordan distintos aspectos: organizaci\u00f3n de protocolos de SSB y EAIA, claves culturales del mundo \u00e1rabe y de la cultura gitana, taller de resiliencia, herramientas para el trabajo en red,\u2026 Se crea la red colaborativa auton\u00f3mica, firmando convenios con la UPNA, la Escuela de Educadores, Gaz Kal\u00f3 y dise\u00f1ando iniciativas conjuntas. Se presenta la solicitud al Departamento de Educaci\u00f3n defendiendo la necesidad de la figura de lo social en los centros educativos y se consigue dicha plaza a trav\u00e9s de la resoluci\u00f3n de \u201cPromotor escolar o mediador sociocultural\u201d para centros p\u00fablicos de ense\u00f1anza en el BON n\u00ba 160 del 18\/08\/15, RESOLUCI\u00d3N 310\/2015 de 30 de junio. Respecto al fomento de la participaci\u00f3n social se gana el concurso ImplicaT, se implementa el programa Conecta Joven y se colabora con el Proyecto Ruise\u00f1or de la UPNA.<\/p>\r\n<p class=\"justificado\">En el curso 15-16, referente al trabajo en red, se coordinan las funciones de las mediadoras y se realiza una evaluaci\u00f3n final de su labor. Al no ser una valoraci\u00f3n plenamente positiva, se vuelve a presentar una solicitud a Educaci\u00f3n sobre la figura de lo social en los centros educativos, subsanando los errores detectados. Esta vez se consigue el apoyo y la firma de todos los SSB y EAIA de la zona y de Gaz Kal\u00f3. Otra acciones son la ampliaci\u00f3n de la red social local con los ayuntamientos, residencias, asociaciones,\u2026y la concreci\u00f3n de los casos para abordar desde los procesos de intervenci\u00f3n con SSB y EAIA (aprendizaje y servicio, absentismo, incorporaci\u00f3n tard\u00eda,\u2026).<\/p>\r\n<p class=\"justificado\">Para incentivar el voluntariado se contin\u00faa con las experiencias de Conecta Joven y del Proyecto Ruise\u00f1or. Adem\u00e1s se crean los documentos para formar una bolsa de familias voluntarias y se implementa el proyecto ganador de ImplicaT \u201cConstruyamos nuestra educaci\u00f3n. Arquitectura pedag\u00f3gica\u201d, tras su aprobaci\u00f3n en Claustro y Consejo Escolar. Esta acci\u00f3n moviliza a todo el alumnado y a gran parte del profesorado.<\/p>\r\n<p class=\"justificado\">A lo largo del curso 16-17, se supervisan las funciones del mediador socioeducativo, convirti\u00e9ndose en el perfil id\u00f3neo para la coordinaci\u00f3n de Rizoma en los pr\u00f3ximos cursos. Se elaboran seis procesos de intervenci\u00f3n para ofrecer una respuesta coordinada ante casos como el absentismo, la atenci\u00f3n domiciliaria,\u2026 Gracias a la colaboraci\u00f3n con la Escuela de Educadores se tutoriza a una alumna en pr\u00e1cticas del Grado Superior de Integraci\u00f3n Social.<\/p>\r\n<p class=\"justificado\">Dentro del fomento del activismo social se dise\u00f1an y se llevan a cabo numerosas acciones, dise\u00f1adas por niveles, para garantizar la participaci\u00f3n de todo el alumnado y con el objetivo de crear una base de iniciativas de las que partir para desarrollar la participaci\u00f3n social del alumnado en el futuro.<\/p>\r\n\r\n<h3>Confluencia con otros proyectos<\/h3>\r\n<p class=\"justificado\">El centro implementa distintos proyectos para intentar ofertar la formaci\u00f3n m\u00e1s amplia y completa a su alumnado.<\/p>\r\n<p class=\"justificado\">As\u00ed el instituto pertenece desde hace a\u00f1os a la red de Escuelas Saludables y a la red de Escuelas Sostenibles, desarrollando iniciativas relacionadas con la prevenci\u00f3n y fomento de h\u00e1bitos saludables y con la sensibilizaci\u00f3n medioambiental.<\/p>\r\n<p class=\"justificado\">Otros proyectos con gran peso institucional son el Proyecto Solidario, acci\u00f3n que recauda dinero para los m\u00e1s necesitados, el PLEC (Plan de lectura de centro), que desarrolla distintas iniciativas relacionadas con los h\u00e1bitos lectores de nuestros alumnos y el programa \u201cCentro Libre de drogas\u201d, que desarrolla el abordaje y la prevenci\u00f3n de la drogodependencia.<\/p>\r\n<p class=\"justificado\">Rizoma se propone generar espacios de confluencia, donde se a\u00fanen esfuerzos y se den cabida las distintas inquietudes que surgen en el centro. Por eso trabaja junto a todos estos proyectos desde el activismo social y el trabajo en red. De esta manera colabora en distintas acciones de participaci\u00f3n social con el proyecto de Escuelas Saludables, el proyecto de Escuelas Sostenibles, el proyecto Solidario y el PLEC y se coordina en la elaboraci\u00f3n de los procesos de intervenci\u00f3n con la Comisi\u00f3n de Convivencia, la Fundaci\u00f3n Ilundain y el Plan Foral de Drogodependencias.<\/p>\r\n\t\t\t\t\t\t<\/div>\n\t\t\t\t<\/div>\n\t\t\t\t\t<\/div>\n\t\t<\/div>\n\t\t\t\t\t\t\t<\/div>\n\t\t<\/section>\n\t\t\t\t<section class=\"elementor-section elementor-top-section elementor-element elementor-element-85vmgsd elementor-section-boxed elementor-section-height-default elementor-section-height-default\" data-id=\"85vmgsd\" data-element_type=\"section\">\n\t\t\t\t\t\t<div class=\"elementor-container elementor-column-gap-default\">\n\t\t\t\t\t<div class=\"elementor-column elementor-col-100 elementor-top-column elementor-element elementor-element-s84s0ic\" data-id=\"s84s0ic\" data-element_type=\"column\">\n\t\t\t<div class=\"elementor-widget-wrap elementor-element-populated\">\n\t\t\t\t\t\t\t\t<div class=\"elementor-element elementor-element-abfnvw0 elementor-widget-divider--view-line elementor-widget elementor-widget-divider\" data-id=\"abfnvw0\" data-element_type=\"widget\" data-widget_type=\"divider.default\">\n\t\t\t\t<div class=\"elementor-widget-container\">\n\t\t\t\t\t<div class=\"elementor-divider\">\n\t\t\t<span class=\"elementor-divider-separator\">\n\t\t\t\t\t\t<\/span>\n\t\t<\/div>\n\t\t\t\t<\/div>\n\t\t\t\t<\/div>\n\t\t\t\t<section class=\"elementor-section elementor-inner-section elementor-element elementor-element-7e4ql1w elementor-section-boxed elementor-section-height-default elementor-section-height-default\" data-id=\"7e4ql1w\" data-element_type=\"section\">\n\t\t\t\t\t\t<div class=\"elementor-container elementor-column-gap-default\">\n\t\t\t\t\t<div class=\"elementor-column elementor-col-20 elementor-inner-column elementor-element elementor-element-pbdexqm\" data-id=\"pbdexqm\" data-element_type=\"column\">\n\t\t\t<div class=\"elementor-widget-wrap elementor-element-populated\">\n\t\t\t\t\t\t\t\t<div class=\"elementor-element elementor-element-em6wg4b elementor-widget elementor-widget-text-editor\" data-id=\"em6wg4b\" data-element_type=\"widget\" data-widget_type=\"text-editor.default\">\n\t\t\t\t<div class=\"elementor-widget-container\">\n\t\t\t\t\t\t\t<a href=\"..\/origen-del-proyecto\/\"><div class=\"mas-info-largo izquierda\"><img class=\"icono izquierda\" src=\"http:\/\/iesmarcilla.educacion.navarra.es\/web\/rizoma\/wp-content\/uploads\/sites\/3\/2017\/06\/ORIGENES-OPCI\u00d3N-1.png\" \/>Origen del proyecto<\/div><\/a>\n\t\t\t\t\t\t<\/div>\n\t\t\t\t<\/div>\n\t\t\t\t\t<\/div>\n\t\t<\/div>\n\t\t\t\t<div class=\"elementor-column elementor-col-20 elementor-inner-column elementor-element elementor-element-0g0hl3x\" data-id=\"0g0hl3x\" data-element_type=\"column\">\n\t\t\t<div class=\"elementor-widget-wrap elementor-element-populated\">\n\t\t\t\t\t\t\t\t<div class=\"elementor-element elementor-element-6sof0fj elementor-widget elementor-widget-text-editor\" data-id=\"6sof0fj\" data-element_type=\"widget\" data-widget_type=\"text-editor.default\">\n\t\t\t\t<div class=\"elementor-widget-container\">\n\t\t\t\t\t\t\t<a href=\"\"><div class=\"mas-info-largo izquierda pagina-activa\"><img class=\"icono izquierda\" src=\"http:\/\/iesmarcilla.educacion.navarra.es\/web\/rizoma\/wp-content\/uploads\/sites\/3\/2017\/06\/MAPEANDO-RIZOMA-OPCI\u00d3N-1.png\" \/>Mapeando Rizoma<\/div><\/a>\n\t\t\t\t\t\t<\/div>\n\t\t\t\t<\/div>\n\t\t\t\t\t<\/div>\n\t\t<\/div>\n\t\t\t\t<div class=\"elementor-column elementor-col-20 elementor-inner-column elementor-element elementor-element-34trvz4\" data-id=\"34trvz4\" data-element_type=\"column\">\n\t\t\t<div class=\"elementor-widget-wrap elementor-element-populated\">\n\t\t\t\t\t\t\t\t<div class=\"elementor-element elementor-element-h8zmv0c elementor-widget elementor-widget-text-editor\" data-id=\"h8zmv0c\" data-element_type=\"widget\" data-widget_type=\"text-editor.default\">\n\t\t\t\t<div class=\"elementor-widget-container\">\n\t\t\t\t\t\t\t<a href=\"..\/organizacion\/\"><div class=\"mas-info-largo izquierda\"><img class=\"icono izquierda\" src=\"http:\/\/iesmarcilla.educacion.navarra.es\/web\/rizoma\/wp-content\/uploads\/sites\/3\/2017\/06\/ORGANIZACI\u00d3N-OPCI\u00d3N-1.png\" \/>Organizaci\u00f3n<\/div><\/a>\n\t\t\t\t\t\t<\/div>\n\t\t\t\t<\/div>\n\t\t\t\t\t<\/div>\n\t\t<\/div>\n\t\t\t\t<div class=\"elementor-column elementor-col-20 elementor-inner-column elementor-element elementor-element-03e510c\" data-id=\"03e510c\" data-element_type=\"column\">\n\t\t\t<div class=\"elementor-widget-wrap elementor-element-populated\">\n\t\t\t\t\t\t\t\t<div class=\"elementor-element elementor-element-f7itykb elementor-widget elementor-widget-text-editor\" data-id=\"f7itykb\" data-element_type=\"widget\" data-widget_type=\"text-editor.default\">\n\t\t\t\t<div class=\"elementor-widget-container\">\n\t\t\t\t\t\t\t<a href=\"..\/justificacion\/\"><div class=\"mas-info-largo izquierda\"><img class=\"icono\" src=\"http:\/\/iesmarcilla.educacion.navarra.es\/web\/rizoma\/wp-content\/uploads\/sites\/3\/2017\/06\/JUSTIFICACI\u00d3N-OPCI\u00d3N-1.png\" \/>Justificaci\u00f3n<\/div><\/a>\n\t\t\t\t\t\t<\/div>\n\t\t\t\t<\/div>\n\t\t\t\t\t<\/div>\n\t\t<\/div>\n\t\t\t\t<div class=\"elementor-column elementor-col-20 elementor-inner-column elementor-element elementor-element-2e182l9\" data-id=\"2e182l9\" data-element_type=\"column\">\n\t\t\t<div class=\"elementor-widget-wrap elementor-element-populated\">\n\t\t\t\t\t\t\t\t<div class=\"elementor-element elementor-element-k08gvuv elementor-widget elementor-widget-text-editor\" data-id=\"k08gvuv\" data-element_type=\"widget\" data-widget_type=\"text-editor.default\">\n\t\t\t\t<div class=\"elementor-widget-container\">\n\t\t\t\t\t\t\t<a href=\"..\/plan-estrategico\/\"><div class=\"mas-info-largo izquierda\"><img class=\"icono\" src=\"http:\/\/iesmarcilla.educacion.navarra.es\/web\/rizoma\/wp-content\/uploads\/sites\/3\/2017\/06\/PLAN-ESTRAT\u00c9GICO-OPCI\u00d3N-1.png\" \/>Plan Estrat\u00e9gico<\/div><\/a>\n\t\t\t\t\t\t<\/div>\n\t\t\t\t<\/div>\n\t\t\t\t\t<\/div>\n\t\t<\/div>\n\t\t\t\t\t\t\t<\/div>\n\t\t<\/section>\n\t\t\t\t\t<\/div>\n\t\t<\/div>\n\t\t\t\t\t\t\t<\/div>\n\t\t<\/section>\n\t\t\t\t\t\t\t<\/div>\n\t\t","protected":false},"excerpt":{"rendered":"<p>&nbsp; Contexto El proyecto Rizoma ha nacido y se ha desarrollado en el IES Marqu\u00e9s de Villena. El instituto ubicado en Marcilla, municipio de la Ribera Alta de Navarra, ofrece sus servicios a distintas localidades: Marcilla, Villafranca, Caparroso, Cadreita y Milagro. Los alumnos de Falces se incorporan en 3\u00ba de la ESO y en bachillerato [&hellip;]<\/p>\n","protected":false},"author":2,"featured_media":0,"parent":0,"menu_order":0,"comment_status":"closed","ping_status":"closed","template":"","meta":{"_genesis_hide_title":false,"_genesis_hide_breadcrumbs":false,"_genesis_hide_singular_image":false,"_genesis_hide_footer_widgets":false,"_genesis_custom_body_class":"","_genesis_custom_post_class":"","_genesis_layout":""},"_links":{"self":[{"href":"https:\/\/iesmarcilla.educacion.navarra.es\/web\/rizoma\/wp-json\/wp\/v2\/pages\/494"}],"collection":[{"href":"https:\/\/iesmarcilla.educacion.navarra.es\/web\/rizoma\/wp-json\/wp\/v2\/pages"}],"about":[{"href":"https:\/\/iesmarcilla.educacion.navarra.es\/web\/rizoma\/wp-json\/wp\/v2\/types\/page"}],"author":[{"embeddable":true,"href":"https:\/\/iesmarcilla.educacion.navarra.es\/web\/rizoma\/wp-json\/wp\/v2\/users\/2"}],"replies":[{"embeddable":true,"href":"https:\/\/iesmarcilla.educacion.navarra.es\/web\/rizoma\/wp-json\/wp\/v2\/comments?post=494"}],"version-history":[{"count":10,"href":"https:\/\/iesmarcilla.educacion.navarra.es\/web\/rizoma\/wp-json\/wp\/v2\/pages\/494\/revisions"}],"predecessor-version":[{"id":1199,"href":"https:\/\/iesmarcilla.educacion.navarra.es\/web\/rizoma\/wp-json\/wp\/v2\/pages\/494\/revisions\/1199"}],"wp:attachment":[{"href":"https:\/\/iesmarcilla.educacion.navarra.es\/web\/rizoma\/wp-json\/wp\/v2\/media?parent=494"}],"curies":[{"name":"wp","href":"https:\/\/api.w.org\/{rel}","templated":true}]}}